{"id":10,"date":"2020-06-25T08:11:42","date_gmt":"2020-06-25T08:11:42","guid":{"rendered":"https:\/\/themes.muffingroup.com\/be\/business3_el\/?page_id=10"},"modified":"2024-06-11T18:24:29","modified_gmt":"2024-06-11T18:24:29","slug":"pricing","status":"publish","type":"page","link":"https:\/\/www.raymicontadores.cl\/?page_id=10","title":{"rendered":"Tarifas"},"content":{"rendered":"\t\t<div data-elementor-type=\"wp-page\" data-elementor-id=\"10\" class=\"elementor elementor-10\">\n\t\t\t\t\t\t<section class=\"elementor-section elementor-top-section elementor-element elementor-element-3635d90 elementor-section-stretched elementor-section-full_width elementor-section-height-default elementor-section-height-default\" data-id=\"3635d90\" data-element_type=\"section\" data-settings=\"{&quot;stretch_section&quot;:&quot;section-stretched&quot;,&quot;background_background&quot;:&quot;classic&quot;}\">\n\t\t\t\t\t\t<div class=\"elementor-container elementor-column-gap-wider\">\n\t\t\t\t\t<div class=\"elementor-column elementor-col-100 elementor-top-column elementor-element elementor-element-5129631\" data-id=\"5129631\" data-element_type=\"column\" data-settings=\"{&quot;background_background&quot;:&quot;classic&quot;}\">\n\t\t\t<div class=\"elementor-widget-wrap elementor-element-populated\">\n\t\t\t\t\t<div class=\"elementor-background-overlay\"><\/div>\n\t\t\t\t\t\t<div class=\"elementor-element elementor-element-6d4d4c1 elementor-widget__width-inherit elementor-widget elementor-widget-text-editor\" data-id=\"6d4d4c1\" data-element_type=\"widget\" data-widget_type=\"text-editor.default\">\n\t\t\t\t<div class=\"elementor-widget-container\">\n\t\t\t\t\t\t\t\t\t<h6 style=\"color: #ffffff;\">TARIFAS<\/h6>\n<h1 style=\"color: #ffffff;\">Nuestras Tarifas<\/h1>\t\t\t\t\t\t\t\t<\/div>\n\t\t\t\t<\/div>\n\t\t\t\t\t<\/div>\n\t\t<\/div>\n\t\t\t\t\t<\/div>\n\t\t<\/section>\n\t\t\t\t<section class=\"elementor-section elementor-top-section elementor-element elementor-element-a54fd40 elementor-section-stretched elementor-section-boxed elementor-section-height-default elementor-section-height-default\" data-id=\"a54fd40\" data-element_type=\"section\" data-settings=\"{&quot;stretch_section&quot;:&quot;section-stretched&quot;}\">\n\t\t\t\t\t\t<div class=\"elementor-container elementor-column-gap-wider\">\n\t\t\t\t\t<div class=\"elementor-column elementor-col-100 elementor-top-column elementor-element elementor-element-ae97c21\" data-id=\"ae97c21\" data-element_type=\"column\">\n\t\t\t<div class=\"elementor-widget-wrap elementor-element-populated\">\n\t\t\t\t\t\t<div class=\"elementor-element elementor-element-0636f2d elementor-widget elementor-widget-text-editor\" data-id=\"0636f2d\" data-element_type=\"widget\" data-widget_type=\"text-editor.default\">\n\t\t\t\t<div class=\"elementor-widget-container\">\n\t\t\t\t\t\t\t\t\t<h2>Valores ajustados a sus necesidades<\/h2>\t\t\t\t\t\t\t\t<\/div>\n\t\t\t\t<\/div>\n\t\t\t\t<div class=\"elementor-element elementor-element-13701d1 elementor-widget elementor-widget-spacer\" data-id=\"13701d1\" data-element_type=\"widget\" data-widget_type=\"spacer.default\">\n\t\t\t\t<div class=\"elementor-widget-container\">\n\t\t\t\t\t\t\t<div class=\"elementor-spacer\">\n\t\t\t<div class=\"elementor-spacer-inner\"><\/div>\n\t\t<\/div>\n\t\t\t\t\t\t<\/div>\n\t\t\t\t<\/div>\n\t\t\t\t<section class=\"elementor-section elementor-inner-section elementor-element elementor-element-40dbe1e elementor-section-boxed elementor-section-height-default elementor-section-height-default\" data-id=\"40dbe1e\" data-element_type=\"section\">\n\t\t\t\t\t\t<div class=\"elementor-container elementor-column-gap-default\">\n\t\t\t\t\t<div class=\"elementor-column elementor-col-33 elementor-inner-column elementor-element elementor-element-0031341\" data-id=\"0031341\" data-element_type=\"column\">\n\t\t\t<div class=\"elementor-widget-wrap elementor-element-populated\">\n\t\t\t\t\t\t<div class=\"elementor-element elementor-element-1b50b05 elementor-widget elementor-widget-mfn_pricing\" data-id=\"1b50b05\" data-element_type=\"widget\" data-widget_type=\"mfn_pricing.default\">\n\t\t\t\t<div class=\"elementor-widget-container\">\n\t\t\t\t\t<div class=\"pricing-box  pricing-box-box\"><div class=\"plan-header\"><h2>Recursos Humanos<\/h2><div class=\"price\"><sup class=\"currency\">desde $<\/sup><span>25.000<\/span><sup class=\"period\">\/mes<\/sup><\/div><hr class=\"hr_color\" \/><p class=\"subtitle\"><big>por Persona<\/big><\/p><\/div><div class=\"plan-inside\"><span class=\"pi-content\"><hr class=\"no_line\" style=\"margin: 0 auto 15px auto\"\/>\n\n<ul>\n \t<li>Redacci\u00f3n de Contratos de Trabajos.<\/li>\n \t<li>Preparaci\u00f3n y Confecci\u00f3n de Liquidaci\u00f3n de Remuneraciones<\/li>\n \t<li>Preparaci\u00f3n declaraci\u00f3n y pago de Imposiciones.<\/li>\n \t<li>Confecci\u00f3n libro de remuneraciones.<\/li>\n \t<li>Tramitaci\u00f3n licencias m\u00e9dicas..<\/li>\n \t<li>Comprobantes de feriados.<\/li>\n \t<li>C\u00e1lculo y Confecci\u00f3n de Finiquitos.<\/li>\n \t<li>Adhesi\u00f3n Mutualidades, Caja de compensaciones.<\/li>\n \t<li>Soporte consultas laborales.<\/li>\n<\/ul>\n<hr class=\"no_line\" style=\"margin: 0 auto 15px auto\"\/>\n\n<\/span><\/div><div class=\"plan-footer\"><a href=\"https:\/\/raymicontadores.cl\/\" class=\"button button_theme \" ><span class=\"button_label\">Contratar<\/span><\/a><\/div><\/div>\n\t\t\t\t<\/div>\n\t\t\t\t<\/div>\n\t\t\t\t\t<\/div>\n\t\t<\/div>\n\t\t\t\t<div class=\"elementor-column elementor-col-33 elementor-inner-column elementor-element elementor-element-7830807\" data-id=\"7830807\" data-element_type=\"column\">\n\t\t\t<div class=\"elementor-widget-wrap elementor-element-populated\">\n\t\t\t\t\t\t<div class=\"elementor-element elementor-element-1b71792 elementor-widget elementor-widget-mfn_pricing\" data-id=\"1b71792\" data-element_type=\"widget\" data-widget_type=\"mfn_pricing.default\">\n\t\t\t\t<div class=\"elementor-widget-container\">\n\t\t\t\t\t<div class=\"pricing-box  pricing-box-box\"><div class=\"plan-header\"><h2>Su empresa en 1 D\u00cdA<\/h2><div class=\"price\"><sup class=\"currency\">desde $<\/sup><span>330.000<\/span><sup class=\"period\"><\/sup><\/div><hr class=\"hr_color\" \/><p class=\"subtitle\"><big>por \u00fanica vez<\/big><\/p><\/div><div class=\"plan-inside\"><span class=\"pi-content\"><hr class=\"no_line\" style=\"margin: 0 auto 15px auto\"\/>\n\n<ul>\n \t<li>Creaci\u00f3n, modificaciones y t\u00e9rmino empresas LTDA, EIRL, SPA<\/li>\n \t<li>Confecci\u00f3n escritura Empresa en un d\u00eda<\/li>\n \t<li>Tramitaci\u00f3n ante S.I.I. de formularios para inicio de actividades<\/li>\n \t<li>Obtenci\u00f3n de Rol tributario<\/li>\n \t<li>Primer Timbraje<\/li>\n \t<li>Obtenci\u00f3n patente comercial<\/li>\n \t<li>Ampliaciones de giro tributario<\/li>\n \t<li>Cierre de giro tributario<\/li>\n \t<li>Balance de t\u00e9rmino de giro<\/li>\n \t<li>Cierre de Sociedades<\/li>\n<\/ul>\n<hr class=\"no_line\" style=\"margin: 0 auto 15px auto\"\/>\n<\/span><\/div><div class=\"plan-footer\"><a href=\"https:\/\/raymicontadores.cl\/\" class=\"button button_theme \" ><span class=\"button_label\">CONTRATAR<\/span><\/a><\/div><\/div>\n\t\t\t\t<\/div>\n\t\t\t\t<\/div>\n\t\t\t\t\t<\/div>\n\t\t<\/div>\n\t\t\t\t<div class=\"elementor-column elementor-col-33 elementor-inner-column elementor-element elementor-element-3e6b1c2\" data-id=\"3e6b1c2\" data-element_type=\"column\">\n\t\t\t<div class=\"elementor-widget-wrap elementor-element-populated\">\n\t\t\t\t\t\t<div class=\"elementor-element elementor-element-1576604 elementor-widget elementor-widget-mfn_pricing\" data-id=\"1576604\" data-element_type=\"widget\" data-widget_type=\"mfn_pricing.default\">\n\t\t\t\t<div class=\"elementor-widget-container\">\n\t\t\t\t\t<div class=\"pricing-box  pricing-box-box\"><div class=\"plan-header\"><h2>Asesor\u00eda Tributaria<\/h2><div class=\"price\"><sup class=\"currency\">desde $<\/sup><span>250.000<\/span><sup class=\"period\"><\/sup><\/div><hr class=\"hr_color\" \/><p class=\"subtitle\"><big>por \u00fanica vez<\/big><\/p><\/div><div class=\"plan-inside\"><span class=\"pi-content\"><hr class=\"no_line\" style=\"margin: 0 auto 15px auto\"\/>\n\n<ul>\n \t<li>Declaraci\u00f3n mensual de IVA<\/li>\n \t<li>Declaraci\u00f3n Anual de Renta<\/li>\n \t<li>Declaraciones Juradas (Sueldos, Honorarios, retiros, etc)<\/li>\n \t<li>Rectificatorias y desbloqueos ante el S.I.I.<\/li>\n \t<li>Planificaci\u00f3n y Beneficios tributarios<\/li>\n \t<li>Retiros de Socios y Sueldo Empresarial<\/li>\n \t<li>Solicitudes de rebaja y condonaciones tributarias<\/li>\n \t<li>Simulaci\u00f3n tributaria bajo distintos escenarios<\/li>\n \t<li>Retiro de Utilidades Tributarias<\/li>\n \t<li>Nuevos Registros Contables<\/li>\n \t<li>Planificaci\u00f3n tributaria de ejecutivos, m\u00e9dicos y otros profesionales<\/li>\n<\/ul>\n<hr class=\"no_line\" style=\"margin: 0 auto 15px auto\"\/>\n<\/span><\/div><div class=\"plan-footer\"><a href=\"https:\/\/raymicontadores.cl\/\" class=\"button button_theme \" ><span class=\"button_label\">CONTRATAR<\/span><\/a><\/div><\/div>\n\t\t\t\t<\/div>\n\t\t\t\t<\/div>\n\t\t\t\t\t<\/div>\n\t\t<\/div>\n\t\t\t\t\t<\/div>\n\t\t<\/section>\n\t\t\t\t\t<\/div>\n\t\t<\/div>\n\t\t\t\t\t<\/div>\n\t\t<\/section>\n\t\t\t\t<section class=\"elementor-section elementor-top-section elementor-element elementor-element-02d27c6 elementor-section-stretched elementor-section-boxed elementor-section-height-default elementor-section-height-default\" data-id=\"02d27c6\" data-element_type=\"section\" data-settings=\"{&quot;stretch_section&quot;:&quot;section-stretched&quot;,&quot;background_background&quot;:&quot;classic&quot;}\">\n\t\t\t\t\t\t<div class=\"elementor-container elementor-column-gap-wider\">\n\t\t\t\t\t<div class=\"elementor-column elementor-col-100 elementor-top-column elementor-element elementor-element-273d201\" data-id=\"273d201\" data-element_type=\"column\">\n\t\t\t<div class=\"elementor-widget-wrap elementor-element-populated\">\n\t\t\t\t\t\t<div class=\"elementor-element elementor-element-d3675de elementor-widget elementor-widget-text-editor\" data-id=\"d3675de\" data-element_type=\"widget\" data-widget_type=\"text-editor.default\">\n\t\t\t\t<div class=\"elementor-widget-container\">\n\t\t\t\t\t\t\t\t\t<h6>ESCR\u00cdBANOS<\/h6><h2 style=\"color: #fff;\">Cont\u00e1ctenos para obtener m\u00e1s informaci\u00f3n personalizada<\/h2>\t\t\t\t\t\t\t\t<\/div>\n\t\t\t\t<\/div>\n\t\t\t\t<section class=\"elementor-section elementor-inner-section elementor-element elementor-element-fe8eb04 elementor-section-boxed elementor-section-height-default elementor-section-height-default\" data-id=\"fe8eb04\" data-element_type=\"section\">\n\t\t\t\t\t\t<div class=\"elementor-container elementor-column-gap-default\">\n\t\t\t\t\t<div class=\"elementor-column elementor-col-50 elementor-inner-column elementor-element elementor-element-657c7d5\" data-id=\"657c7d5\" data-element_type=\"column\">\n\t\t\t<div class=\"elementor-widget-wrap elementor-element-populated\">\n\t\t\t\t\t\t<div class=\"elementor-element elementor-element-e853e4e elementor-widget elementor-widget-text-editor\" data-id=\"e853e4e\" data-element_type=\"widget\" data-widget_type=\"text-editor.default\">\n\t\t\t\t<div class=\"elementor-widget-container\">\n\t\t\t\t\t\t\t\t\t<h6>LL\u00c1MENOS<\/h6><h3><span style=\"color: #ffffff;\">+56 32 3785937<\/span><\/h3>\t\t\t\t\t\t\t\t<\/div>\n\t\t\t\t<\/div>\n\t\t\t\t\t<\/div>\n\t\t<\/div>\n\t\t\t\t<div class=\"elementor-column elementor-col-50 elementor-inner-column elementor-element elementor-element-53ff83b\" data-id=\"53ff83b\" data-element_type=\"column\">\n\t\t\t<div class=\"elementor-widget-wrap elementor-element-populated\">\n\t\t\t\t\t\t<div class=\"elementor-element elementor-element-965fd45 elementor-widget elementor-widget-text-editor\" data-id=\"965fd45\" data-element_type=\"widget\" data-widget_type=\"text-editor.default\">\n\t\t\t\t<div class=\"elementor-widget-container\">\n\t\t\t\t\t\t\t\t\t<h6>ENV\u00cdENOS UN MAIL<\/h6><h3><span style=\"color: #ffffff;\"><a style=\"color: #ffffff;\" href=\" mailto:recepcion@raymicontadores.cl\">recepcion@raymicontadores.cl<\/a><\/span><\/h3>\t\t\t\t\t\t\t\t<\/div>\n\t\t\t\t<\/div>\n\t\t\t\t\t<\/div>\n\t\t<\/div>\n\t\t\t\t\t<\/div>\n\t\t<\/section>\n\t\t\t\t\t<\/div>\n\t\t<\/div>\n\t\t\t\t\t<\/div>\n\t\t<\/section>\n\t\t\t\t<\/div>\n\t\t","protected":false},"excerpt":{"rendered":"<p>TARIFAS Nuestras Tarifas Valores ajustados a sus necesidades Recursos Humanos desde $25.000\/mes por Persona Redacci\u00f3n de Contratos de Trabajos. Preparaci\u00f3n y Confecci\u00f3n de Liquidaci\u00f3n de Remuneraciones<span class=\"excerpt-hellip\"> [?]<\/span><\/p>\n","protected":false},"author":1,"featured_media":0,"parent":0,"menu_order":0,"comment_status":"closed","ping_status":"closed","template":"","meta":{"footnotes":""},"class_list":["post-10","page","type-page","status-publish","hentry"],"_links":{"self":[{"href":"https:\/\/www.raymicontadores.cl\/index.php?rest_route=\/wp\/v2\/pages\/10","targetHints":{"allow":["GET"]}}],"collection":[{"href":"https:\/\/www.raymicontadores.cl\/index.php?rest_route=\/wp\/v2\/pages"}],"about":[{"href":"https:\/\/www.raymicontadores.cl\/index.php?rest_route=\/wp\/v2\/types\/page"}],"author":[{"embeddable":true,"href":"https:\/\/www.raymicontadores.cl\/index.php?rest_route=\/wp\/v2\/users\/1"}],"replies":[{"embeddable":true,"href":"https:\/\/www.raymicontadores.cl\/index.php?rest_route=%2Fwp%2Fv2%2Fcomments&post=10"}],"version-history":[{"count":16,"href":"https:\/\/www.raymicontadores.cl\/index.php?rest_route=\/wp\/v2\/pages\/10\/revisions"}],"predecessor-version":[{"id":399,"href":"https:\/\/www.raymicontadores.cl\/index.php?rest_route=\/wp\/v2\/pages\/10\/revisions\/399"}],"wp:attachment":[{"href":"https:\/\/www.raymicontadores.cl\/index.php?rest_route=%2Fwp%2Fv2%2Fmedia&parent=10"}],"curies":[{"name":"wp","href":"https:\/\/api.w.org\/{rel}","templated":true}]}}